8.
61
Calculate the remainder when 1055 is divided by 20.
15
What is the remainder when 24 is divided by 20?
4
What is the remainder when 273 is divided by 4?
1
Calculate the remainder when 1754 is divided by 836.
82
Calculate the remainder when 93 is divided by 14.
9
Calculate the remainder when 20848 is divided by 75.
73
What is the remainder when 459 is divided by 46?
45
What is the remainder when 283 is divided by 19?
17
What is the remainder when 109 is divided by 7?
4
What is the remainder when 79 is divided by 20?
19
What is the remainder when 21807 is divided by 16?
15
Calculate the remainder when 121 is divided by 63.
58
Calculate the remainder when 85 is divided by 44.
41
What is the remainder when 550 is divided by 46?
44
Calculate the remainder when 1127 is divided by 352.
71
What is the remainder when 846 is divided by 104?
14
Calculate the remainder when 1552 is divided by 40.
32
Calculate the remainder when 2544 is divided by 255.
249
What is the remainder when 465 is divided by 124?
93
What is the remainder when 3792 is divided by 13?
9
Calculate the remainder when 172 is divided by 58.
56
Calculate the remainder when 279 is divided by 75.
54
What is the remainder when 1129 is divided by 139?
17
What is the remainder when 156 is divided by 32?
28
Calculate the remainder when 926 is divided by 65.
16
Calculate the remainder when 2737 is divided by 3.
1
Calculate the remainder when 3896 is divided by 12.
8
What is the remainder when 91 is divided by 30?
1
What is the remainder when 541 is divided by 32?
29
Calculate the remainder when 87 is divided by 8.
7
What is the remainder when 1999 is divided by 165?
19
What is the remainder when 606 is divided by 128?
94
What is the remainder when 779 is divided by 60?
59
What is the remainder when 1221 is divided by 24?
21
Calculate the remainder when 10144 is divided by 31.
7
Calculate the remainder when 724 is divided by 56.
52
What is the remainder when 256 is divided by 40?
16
What is the remainder when 3463 is divided by 53?
18
What is the remainder when 148 is divided by 21?
1
What is the remainder when 148 is divided by 35?
8
What is the remainder when 525 is divided by 31?
29
Calculate the remainder when 525 is divided by 140.
105
What is the remainder when 2209 is divided by 17?
16
What is the remainder when 360 is divided by 310?
50
What is the remainder when 578 is divided by 82?
4
Calculate the remainder when 350 is divided by 71.
66
Calculate the remainder when 103 is divided by 15.
13
What is the remainder when 4747 is divided by 1184?
11
What is the remainder when 862 is divided by 48?
46
What is the remainder when 7794 is divided by 23?
20
Calculate the remainder when 62 is divided by 10.
2
Calculate the remainder when 433 is divided by 419.
14
What is the remainder when 239 is divided by 122?
117
What is the remainder when 803 is divided by 15?
8
What is the remainder when 1295 is divided by 27?
26
Calculate the remainder when 80 is divided by 69.
11
Calculate the remainder when 41 is divided by 11.
8
Calculate the remainder when 897 is divided by 12.
9
Calculate the remainder when 332 is divided by 12.
8
What is the remainder when 366 is divided by 12?
6
What is the remainder when 400 is divided by 139?
122
What is the remainder when 557 is divided by 33?
29
What is the remainder when 229 is divided by 29?
26
Calculate the remainder when 98 is divided by 9.
8
What is the remainder when 2665 is divided by 58?
55
Calculate the remainder when 79 is divided by 22.
13
What is the remainder when 945 is divided by 78?
9
What is the remainder when 107 is divided by 27?
26
What is the remainder when 311 is divided by 15?
11
Calculate the remainder when 6943 is divided by 15.
13
What is the remainder when 778 is divided by 419?
359
What is the remainder when 77 is divided by 17?
9
What is the remainder when 2628 is divided by 155?
148
What is the remainder when 138 is divided by 37?
27
Calculate the remainder when 2421 is divided by 143.
133
Calculate the remainder when 58 is divided by 12.
10
Calculate the remainder when 48 is divided by 10.
8
Calculate the remainder when 3432 is divided by 1140.
12
Calculate the remainder when 52 is divided by 9.
7
Calculate the remainder when 679 is divided by 669.
10
What is the remainder when 21624 is divided by 5?
4
Calculate the remainder when 43 is divided by 14.
1
Calculate the remainder when 502 is divided by 138.
88
Calculate the remainder when 365 is divided by 5.
0
Calculate the remainder when 252 is divided by 127.
125
Calculate the remainder when 78 is divided by 70.
8
What is the remainder when 539 is divided by 34?
29
What is the remainder when 39 is divided by 14?
11
What is the remainder when 964 is divided by 50?
14
What is the remainder when 571 is divided by 23?
19
What is the remainder when 561 is divided by 60?
21
What is the remainder when 423 is divided by 17?
15
Calculate the remainder when 1955 is divided by 53.
47
Calculate the remainder when 33 is divided by 8.
1
What is the remainder when 2634 is divided by 57?
12
Calculate the remainder when 2574 is divided by 2.
0
What is the remainder when 94 is divided by 48?
46
What is the remainder when 1901 is divided by 68?
65
Calculate the remainder when 869 is divided by 67.
65
What is the remainder when 1889 is divided by 386?
345
Calculate the remainder when 275 is divided by 33.
11
What is the remainder when 81 is divided by 14?
11
Calculate the remainder when 282 is divided by 134.
14
Calculate the remainder when 26 is divided by 19.
7
Calculate the remainder when 419 is divided by 121.
56
What is the remainder when 1596 is divided by 198?
12
Calculate the remainder when 108 is divided by 21.
3
Calculate the remainder when 1049 is divided by 21.
20
Calculate the remainder when 137 is divided by 51.
35
What is the remainder when 1008 is divided by 3?
0
Calculate the remainder when 141 is divided by 67.
7
What is the remainder when 256 is divided by 14?
4
What is the remainder when 12226 is divided by 7?
4
What is the remainder when 18022 is divided by 67?
66
What is the remainder when 61 is divided by 6?
1
Calculate the remainder when 153 is divided by 13.
10
What is the remainder when 939 is divided by 131?
22
What is the remainder when 78 is divided by 21?
15
What is the remainder when 143 is divided by 42?
17
What is the remainder when 911 is divided by 152?
151
What is the remainder when 13 is divided by 5?
3
What is the remainder when 183 is divided by 32?
23
Calculate the remainder when 709 is divided by 192.
133
Calculate the remainder when 402 is divided by 255.
147
What is the remainder when 78 is divided by 21?
15
What is the remainder when 80 is divided by 9?
8
Calculate the remainder when 81 is divided by 17.
13
What is the remainder when 499 is divided by 63?
58
What is the remainder when 822 is divided by 105?
87
What is the remainder when 2173 is divided by 198?
193
What is the remainder when 671 is divided by 165?
11
Calculate the remainder when 1583 is divided by 61.
58
Calculate the remainder when 194 is divided by 35.
19
Calculate the remainder when 5256 is divided by 42.
6
What is the remainder when 5443 is divided by 5?
3
Calculate the remainder when 221 is divided by 25.
21
What is the remainder when 124 is divided by 64?
60
Calculate the remainder when 216 is divided by 3.
0
Calculate the remainder when 80 is divided by 70.
10
What is the remainder when 156 is divided by 23?
18
What is the remainder when 924 is divided by 50?
24
Calculate the remainder when 37 is divided by 3.
1
Calculate the remainder when 567 is divided by 22.
17
Calculate the remainder when 71 is divided by 51.
20
Calculate the remainder when 24 is divided by 17.
7
What is the remainder when 169 is divided by 33?
4
What is the remainder when 146 is divided by 98?
48
Calculate the remainder when 9388 is divided by 6.
4
What is the remainder when 910 is divided by 423?
64
What is the remainder when 601 is divided by 108?
61
Calculate the remainder when 121 is divided by 100.
21
Calculate the remainder when 517 is divided by 95.
42
Calculate the remainder when 3013 is divided by 336.
325
What is the remainder when 24 is divided by 12?
0
Calculate the remainder when 30 is divid